{"id":589,"date":"2022-01-12T09:53:53","date_gmt":"2022-01-12T09:53:53","guid":{"rendered":"http:\/\/agnesa.org\/?page_id=589"},"modified":"2022-01-12T09:53:53","modified_gmt":"2022-01-12T09:53:53","slug":"publications","status":"publish","type":"page","link":"http:\/\/agnesa.org\/index.php\/publications\/","title":{"rendered":"Publications"},"content":{"rendered":"\n<figure class=\"wp-block-image size-large\"><img decoding=\"async\" loading=\"lazy\" width=\"1024\" height=\"682\" src=\"http:\/\/agnesa.org\/wp-content\/uploads\/2021\/10\/IMG_6833-1024x682.jpg\" alt=\"\" class=\"wp-image-430\" srcset=\"http:\/\/agnesa.org\/wp-content\/uploads\/2021\/10\/IMG_6833-1024x682.jpg 1024w, http:\/\/agnesa.org\/wp-content\/uploads\/2021\/10\/IMG_6833-300x200.jpg 300w, http:\/\/agnesa.org\/wp-content\/uploads\/2021\/10\/IMG_6833-768x511.jpg 768w, http:\/\/agnesa.org\/wp-content\/uploads\/2021\/10\/IMG_6833-1536x1023.jpg 1536w, http:\/\/agnesa.org\/wp-content\/uploads\/2021\/10\/IMG_6833-2048x1364.jpg 2048w, http:\/\/agnesa.org\/wp-content\/uploads\/2021\/10\/IMG_6833-1568x1044.jpg 1568w\" sizes=\"(max-width: 1024px) 100vw, 1024px\" \/><\/figure>\n\n\n\n<p class=\"has-text-align-center\"><em>C&#8217;est d&#8217;ici que nous observons d&#8217;autres villes cro\u00eetre \u00e0 en perdre la raison<\/em>, Ellen Meloy, <a rel=\"noreferrer noopener\" href=\"https:\/\/www.editionsblast.fr\/c-est-d-ici-que-nous-observons\" data-type=\"URL\" data-id=\"https:\/\/www.editionsblast.fr\/c-est-d-ici-que-nous-observons\" target=\"_blank\">\u00e9ditions blast<\/a>, octobre 2021.<\/p>\n\n\n\n<p><strong>ON EN PARLE<\/strong><\/p>\n\n\n\n<div class=\"wp-block-group is-style-twentytwentyone-border\"><div class=\"wp-block-group__inner-container is-layout-flow wp-block-group-is-layout-flow\">\n<p>Merci infiniment de m&#8217;avoir permis de d\u00e9couvrir Ellen Meloy, le recueil de textes que vous avez publi\u00e9 est un bijou. Tomb\u00e9e dessus il y a quelques semaines dans une librairie f\u00e9ministe qui vient d&#8217;ouvrir \u00e0 Lyon, je l&#8217;ai pris sans trop r\u00e9fl\u00e9chir, s\u00e9duite par le titre et la couverture. Il m&#8217;a \u00e9merveill\u00e9e. La pr\u00e9cision de la langue (tr\u00e8s belle traduction !), la richesse de ces textes de deux ou trois pages \u00e0 peine, leur humour, leur po\u00e9sie&#8230; Je crois que ce livre m&#8217;accompagnera longtemps. <\/p>\n\n\n\n<p><strong> &#8212; Claire EA<\/strong><\/p>\n<\/div><\/div>\n\n\n\n<div class=\"wp-block-group is-style-twentytwentyone-border\"><div class=\"wp-block-group__inner-container is-layout-flow wp-block-group-is-layout-flow\">\n<p>En somme, la singularit\u00e9 de l\u2019\u00e9criture d\u2019Ellen Meloy tient \u00e0 une profonde sagesse m\u00e2tin\u00e9e d\u2019un rire impertinent. Apr\u00e8s ces pages \u00e0 ses c\u00f4t\u00e9s, on soigne ses ampoules, on vide le sable rouge de ses chaussures, on oint ses mains calleuses de cr\u00e8me et on reprend notre route, un peu moins bien ordonn\u00e9e, en gardant un sourire au coin des l\u00e8vres, r\u00eavant d\u2019habiter quelque temps ce lieu o\u00f9 \u00ab\u00a0tout le monde [\u2026] poss\u00e8de un certain grain d\u2019excentricit\u00e9\u00a0et se moquerait bien de vous voir porter votre pyjama \u00e0 la poste\u00a0\u00bb. Le r\u00eave\u00a0!<\/p>\n\n\n\n<p><strong>&#8212; Critique du 13\u00a0d\u00e9cembre 2021 sur <a href=\"http:\/\/www.lesmissives.fr\/index.php\/2021\/12\/13\/cest-dici-que-nous-observons-dautres-villes-croitre-a-en-perdre-la-raison-dellen-meloy\/\">Les missives.fr<\/a><\/strong><\/p>\n<\/div><\/div>\n","protected":false},"excerpt":{"rendered":"<p>C&#8217;est d&#8217;ici que nous observons d&#8217;autres villes cro\u00eetre \u00e0 en perdre la raison, Ellen Meloy, \u00e9ditions blast, octobre 2021. ON EN PARLE Merci infiniment de m&#8217;avoir permis de d\u00e9couvrir Ellen Meloy, le recueil de textes que vous avez publi\u00e9 est un bijou. Tomb\u00e9e dessus il y a quelques semaines dans une librairie f\u00e9ministe qui vient&hellip; <a class=\"more-link\" href=\"http:\/\/agnesa.org\/index.php\/publications\/\">Continue reading <span class=\"screen-reader-text\">Publications<\/span><\/a><\/p>\n","protected":false},"author":1,"featured_media":0,"parent":0,"menu_order":0,"comment_status":"closed","ping_status":"closed","template":"","meta":{"footnotes":""},"_links":{"self":[{"href":"http:\/\/agnesa.org\/index.php\/wp-json\/wp\/v2\/pages\/589"}],"collection":[{"href":"http:\/\/agnesa.org\/index.php\/wp-json\/wp\/v2\/pages"}],"about":[{"href":"http:\/\/agnesa.org\/index.php\/wp-json\/wp\/v2\/types\/page"}],"author":[{"embeddable":true,"href":"http:\/\/agnesa.org\/index.php\/wp-json\/wp\/v2\/users\/1"}],"replies":[{"embeddable":true,"href":"http:\/\/agnesa.org\/index.php\/wp-json\/wp\/v2\/comments?post=589"}],"version-history":[{"count":1,"href":"http:\/\/agnesa.org\/index.php\/wp-json\/wp\/v2\/pages\/589\/revisions"}],"predecessor-version":[{"id":590,"href":"http:\/\/agnesa.org\/index.php\/wp-json\/wp\/v2\/pages\/589\/revisions\/590"}],"wp:attachment":[{"href":"http:\/\/agnesa.org\/index.php\/wp-json\/wp\/v2\/media?parent=589"}],"curies":[{"name":"wp","href":"https:\/\/api.w.org\/{rel}","templated":true}]}}