{"id":139,"date":"2021-02-01T12:40:25","date_gmt":"2021-02-01T12:40:25","guid":{"rendered":"http:\/\/agnesa.org\/?page_id=139"},"modified":"2021-10-30T19:09:45","modified_gmt":"2021-10-30T19:09:45","slug":"services-2","status":"publish","type":"page","link":"http:\/\/agnesa.org\/index.php\/services-2\/","title":{"rendered":"Services"},"content":{"rendered":"\n<figure class=\"wp-block-image size-large\"><img decoding=\"async\" loading=\"lazy\" width=\"2560\" height=\"1707\" src=\"http:\/\/agnesa.org\/wp-content\/uploads\/2021\/01\/IMG_0134-1-scaled.jpg\" alt=\"\" class=\"wp-image-12\" srcset=\"http:\/\/agnesa.org\/wp-content\/uploads\/2021\/01\/IMG_0134-1-scaled.jpg 2560w, http:\/\/agnesa.org\/wp-content\/uploads\/2021\/01\/IMG_0134-1-300x200.jpg 300w\" sizes=\"(max-width: 2560px) 100vw, 2560px\" \/><\/figure>\n\n\n\n<p>Actuellement, je suis pigiste pour :<\/p>\n\n\n\n<ul><li><a rel=\"noreferrer noopener\" href=\"https:\/\/www.afmoncton.ca\/en\/our-team\/#\/\" target=\"_blank\">L\u2019Alliance Fran\u00e7aise de Moncton<\/a><\/li><li><a rel=\"noreferrer noopener\" href=\"https:\/\/scriptis.com\/fr\/\" target=\"_blank\">Scriptis<\/a><\/li><li><a rel=\"noreferrer noopener\" href=\"https:\/\/www.confluence-communication.ca\/\" target=\"_blank\">Confluence Communication<\/a><\/li><li><a rel=\"noreferrer noopener\" href=\"https:\/\/traductionshermes.com\/\" target=\"_blank\">Traductions Herm\u00e8s<\/a><\/li><\/ul>\n\n\n\n<p>Je traduis, r\u00e9vise et \u00e9cris \u00e9galement pour :<\/p>\n\n\n\n<ul><li><a rel=\"noreferrer noopener\" href=\"https:\/\/www.cqde.org\/fr\/\" target=\"_blank\">Le CQDE<\/a><\/li><li><a rel=\"noreferrer noopener\" href=\"https:\/\/www.reviseurs.ca\/\" target=\"_blank\">R\u00e9viseurs Canada<\/a><\/li><li><a href=\"http:\/\/www.nosenchanteurs.eu\/index.php\/category\/lequipe\/agnes-andre\/\" target=\"_blank\" rel=\"noreferrer noopener\">Nos Enchanteurs<\/a><\/li><\/ul>\n\n\n\n<p>Vous pouvez enfin me retrouver sur le r\u00e9pertoire de :<\/p>\n\n\n\n<ul><li><a href=\"https:\/\/ottiaq.org\/fiche-de-membre\/30968\/\" target=\"_blank\" rel=\"noreferrer noopener\">L\u2019OTTIAQ<\/a><\/li><li><a href=\"https:\/\/www.atlf.org\/repertoire-des-traducteurs\/andrea\/\" target=\"_blank\" rel=\"noreferrer noopener\">L\u2019ATLF<\/a><\/li><\/ul>\n\n\n\n<p>Pour en savoir plus, visitez les onglets suivants : <a href=\"http:\/\/agnesa.org\/index.php\/traduction\/\" data-type=\"URL\" data-id=\"http:\/\/agnesa.org\/index.php\/traduction\/\">TRADUCTION<\/a>, <a href=\"http:\/\/agnesa.org\/index.php\/revision-linguistique-2\/\" data-type=\"URL\" data-id=\"http:\/\/agnesa.org\/index.php\/revision-linguistique-2\/\">R\u00c9VISION<\/a> et <a href=\"http:\/\/agnesa.org\/index.php\/formation-fls-fle\/\" data-type=\"URL\" data-id=\"http:\/\/agnesa.org\/index.php\/formation-fls-fle\/\">FORMATION<\/a>.<\/p>\n","protected":false},"excerpt":{"rendered":"<p>Actuellement, je suis pigiste pour : L\u2019Alliance Fran\u00e7aise de Moncton Scriptis Confluence Communication Traductions Herm\u00e8s Je traduis, r\u00e9vise et \u00e9cris \u00e9galement pour : Le CQDE R\u00e9viseurs Canada Nos Enchanteurs Vous pouvez enfin me retrouver sur le r\u00e9pertoire de : L\u2019OTTIAQ L\u2019ATLF Pour en savoir plus, visitez les onglets suivants : TRADUCTION, R\u00c9VISION et FORMATION.<\/p>\n","protected":false},"author":1,"featured_media":0,"parent":0,"menu_order":0,"comment_status":"closed","ping_status":"closed","template":"","meta":{"footnotes":""},"_links":{"self":[{"href":"http:\/\/agnesa.org\/index.php\/wp-json\/wp\/v2\/pages\/139"}],"collection":[{"href":"http:\/\/agnesa.org\/index.php\/wp-json\/wp\/v2\/pages"}],"about":[{"href":"http:\/\/agnesa.org\/index.php\/wp-json\/wp\/v2\/types\/page"}],"author":[{"embeddable":true,"href":"http:\/\/agnesa.org\/index.php\/wp-json\/wp\/v2\/users\/1"}],"replies":[{"embeddable":true,"href":"http:\/\/agnesa.org\/index.php\/wp-json\/wp\/v2\/comments?post=139"}],"version-history":[{"count":7,"href":"http:\/\/agnesa.org\/index.php\/wp-json\/wp\/v2\/pages\/139\/revisions"}],"predecessor-version":[{"id":443,"href":"http:\/\/agnesa.org\/index.php\/wp-json\/wp\/v2\/pages\/139\/revisions\/443"}],"wp:attachment":[{"href":"http:\/\/agnesa.org\/index.php\/wp-json\/wp\/v2\/media?parent=139"}],"curies":[{"name":"wp","href":"https:\/\/api.w.org\/{rel}","templated":true}]}}